7*v - 8. Let h(q) = -5*q**3 - 4*q**2 + 8*q + 8. Let n(p) = -3*h(p) - 4*r(p). Is n(c) a composite number?
False
Let w(b) = -b**2 - 7*b - 1. Let s be w(-8). Let f be (628/(-6))/(3/s). Suppose 0 = -5*t + f + 11. Is t a prime number?
False
Suppose 0 = -4*y + 5*y - 415. Is y a composite number?
True
Let x(a) = 10*a**3 + 2*a + 6. Let m be x(3). Let y = m + -79. Is y prime?
False
Suppose -2*t = -0*t - 20. Let c be t*(2 + 1/(-2)). Let g = -2 + c. Is g prime?
True
Let l = -2 + 2. Let p be l/(-2) + -1 + 1. Suppose b + s - 2*s - 17 = p, 55 = 3*b - s. Is b prime?
True
Is 903*(2 - 6)/(-12) composite?
True
Suppose 4*q - 999 = 509. Is q composite?
True
Suppose 2*f + 3*w = 4*w - 5, f - 5*w = -25. Let o be 2*((-147)/6 + -1). Let k = f - o. Is k a composite number?
True
Let l be ((-994)/(-1 - 1))/1. Let o = l - -74. Is o composite?
False
Suppose -2*q - q = 2*x - 18, -q + 19 = 5*x. Let v(d) = 4 + 5*d + x*d + 5*d - 2*d. Is v(3) a prime number?
True
Suppose -5*i = 5*z - 4055, -3*i - 3*z + 2421 = -6*z. Is i composite?
False
Suppose 0*x - x + 152 = 4*u, 0 = -5*u. Suppose -x = -2*a + 270. Is a a prime number?
True
Let q = -1 + 5. Suppose -q*w = k - 135, -45 = 2*k + 5*w - 300. Is k prime?
False
Suppose -2*y + 44 = 4*c, 3*c = 8*c - y - 69. Let z = c + -2. Let v(d) = 2*d - 3. Is v(z) a prime number?
True
Let u = 505 - 254. Is u a prime number?
True
Let z = 9 + -30. Is (-18621)/z - (-4)/14 a prime number?
True
Is (-1)/(-3)*-1*-177 composite?
False
Let h(t) = -t**3 + 3*t**2 - 3*t + 2. Let j be h(2). Let d be j*1/(-2) - 1. Is 79 + -1 + 0 + d composite?
True
Suppose -c = 2*c. Suppose x + 129 - 416 = c. Is x a prime number?
False
Let h = 822 - 524. Is h prime?
False
Let l = 4 + -4. Suppose -4*w - 30 + 6 = l. Let n(h) = -h**3 - 3*h**2 + 8*h - 5. Is n(w) a prime number?
False
Let x = -8 + 8. Suppose x = 3*k - 3*y - 32 - 28, 0 = 5*k + 3*y - 92. Is k a composite number?
False
Let v(k) = -k**2 + 4*k - 3. Let a be v(5). Let z(f) = -f**3 - 8*f**2 - 6*f - 11. Is z(a) prime?
True
Let i be 116/12 + 4/(-6). Let o(u) = 3 - 1 + 3 - i*u + 35*u. Is o(4) prime?
True
Let b = -84 - -53. Let d = b + 176. Is d a composite number?
True
Let p = 10 - -123. Is p a prime number?
False
Let o = 14 + 1121. Is o a composite number?
True
Is -2*(-1)/(-1)*(-2763)/6 composite?
True
Let f(j) = 6*j + 7. Let c be 11/2 + 3/(-6). Is f(c) a composite number?
False
Suppose -j - s = s - 3981, -4*j + 15964 = -2*s. Is j prime?
True
Let s(i) = -i**2 + 6*i + 3. Let q be s(6). Suppose 2*u = u - q. Let d(z) = -z**3 - z**2 + 4*z + 1. Is d(u) a prime number?
True
Let s be 2/6 - (-20)/3. Suppose -a = -s - 12. Is a composite?
False
Suppose -6*l = -7603 - 4199. Is l prime?
False
Suppose -45*l - 1268 = -47*l. Is l a prime number?
False
Suppose 3 = -4*r - 9. Is (-12)/36 - 1138/r a composite number?
False
Let s(w) = w**3 - 7*w**2 - 4*w + 1. Let q be s(6). Let f = -36 - q. Is f a prime number?
True
Suppose 2*d - 22 = -2. Suppose 5*m = 5 + d. Is m a prime number?
True
Suppose -z = -16*z + 795. Is z composite?
False
Let y be 5/2 + (-6)/12. Suppose l = 55 - y. Is l a prime number?
True
Suppose -v - j - 2*j = -83, -4*v = 2*j - 352. Is v prime?
True
Let s(p) = -9 + p - 7*p + 4*p. Let n be (20/15)/(2/(-12)). Is s(n) a composite number?
False
Let t = 5 + -1. Suppose -4 = 4*p + t*q, p - 2*q = -3 + 11. Is p/7 + 4249/49 a composite number?
True
Is (-3537)/(-12) - 2/(-8) composite?
True
Let t = -7 + 18. Suppose -6*s + t*s = 1075. Is s composite?
True
Suppose -2*j - 3*j + 3*a + 95 = 0, 3*j - 33 = -3*a. Suppose -11*l + j*l - 50 = 0. Is l composite?
True
Let z = 6 - 4. Let t be 7/z + (-6)/12. Suppose 5 + 34 = t*r. Is r composite?
False
Suppose 31 = v - 5*w + 5, -3*w = 5*v - 242. Let g(y) = 16*y - 2. Let b be g(3). Suppose v = 4*s - b. Is s composite?
False
Let q be (-6)/(-4)*10/3. Suppose 6*j - 294 = j - 4*b, q*b = -5*j + 295. Is j composite?
True
Let c = 18 + -12. Suppose 3*i + 191 = 986. Suppose -h = -c*h + i. Is h composite?
False
Suppose -3*w - 139 = -370. Is w prime?
False
Suppose -5*w + 6*w = 5999. Is w a composite number?
True
Suppose 0 = -160*z + 162*z - 398. Is z a composite number?
False
Is (2 - (-1978)/2)*(-21)/(-21) prime?
True
Let n(m) = -m**3 + 4*m**2 - 3*m + 1. Let t be n(3). Is t/((-192)/194 + 1) prime?
True
Let b be 35*((-16)/14 + 2). Suppose -b = -q - 8. Is q a prime number?
False
Suppose 15 = a - 4*a. Let l be 12/3 - (-7 - 6). Let f = l - a. Is f a prime number?
False
Let b(c) be the second derivative of 2*c + 5/6*c**4 + 0 + 1/20*c**5 + 3/2*c**2 + 2*c**3. Is b(-8) a prime number?
False
Suppose -2*d = 4 - 12. Suppose 0 = -d*a - 69 - 107. Let i = 99 + a. Is i a composite number?
True
Let f be -3 + 0 + 1/1. Let n be (-8)/f*(-74)/(-8). Suppose 0 = v - n. Is v a prime number?
True
Is (-15)/(-75) - (-3032)/(-5)*-2 prime?
True
Suppose -2 = 2*u - 18. Suppose -u = 3*k + 4*n, k - 3*n - 26 = -7. Let g(x) = x**3 - 4*x**2 + 4*x - 6. Is g(k) a composite number?
True
Suppose -5*t = 3*d - 227, 3*t + 2*t - 226 = -4*d. Is t a prime number?
False
Let c = 6 - 1. Let r(o) = c + 31*o - 17*o + 24*o. Is r(6) composite?
False
Suppose 0*m = -m + k + 7, -2*m + 14 = 4*k. Let y(q) = 223*q - 2. Is y(m) a prime number?
True
Suppose 4*c - 1642 = 2*c - 4*u, c - 800 = 5*u. Is c prime?
False
Let y = 97 - -122. Let d = -29 + 34. Suppose -y - 346 = -d*w. Is w a prime number?
True
Let i(a) = a**3 - 10*a**2 + 9*a - 1. Let u be i(6). Let k = u - -232. Suppose k = 4*y - 623. Is y a prime number?
True
Let v(q) = -q**2 + 7*q + 11. Let i be v(8). Let o(k) = k**3 + 2*k**2 - k + 4. Is o(i) a composite number?
True
Let s = 5033 + -3490. Is s a composite number?
False
Let t(a) = 17*a - 9. Suppose -s - 2*s + 18 = 0. Let k be t(s). Let j = k + -56. Is j a prime number?
True
Let i be -8 + 6 + 1*6. Let y(j) = j**3 + 4*j**2 - j + 3. Is y(i) a prime number?
True
Suppose h - 9 = -5. Suppose -q = -2*a - 365, -2*a + 2*q + 356 = -h*a. Let o = -87 - a. Is o prime?
False
Let h(l) = 2*l**2 - 5*l + 22. Is h(-25) composite?
True
Let r be 335/15 - (-2)/(-6). Suppose 2*v - 27 = 5*s, -3*v = 2*s - 0 + 7. Let u = r - v. Is u a prime number?
False
Let h = 81 - 4. Is h a composite number?
True
Suppose -21 = -2*h + 227. Suppose -3*x + h = -98. Is x a composite number?
True
Is (-1)/(4/(-2*974)) composite?
False
Let g be 2*-1*(-15)/10. Suppose 3*p - 99 = 2*x + 338, -3*p = -g*x - 432. Is p a prime number?
True
Suppose z = 4*h - 3*z - 96, -2*z = 4. Suppose -2*u + 0*t - 5*t + h = 0, -t + 2 = -2*u. Is (u + -2)*(-3 + -36) prime?
False
Let u = 397 + -218. Is u composite?
False
Let w = 9735 - 6532. Is w prime?
True
Suppose m = -2*m + 498. Let v = 345 - m. Is v a composite number?
False
Let o(z) = -z**3 + 2*z**2 + 2*z - 4. Is o(-5) a prime number?
False
Suppose c - 5*m = -c + 156, 2*m = 2*c - 162. Is c a prime number?
True
Is 3/(-2)*258/(-9) composite?
False
Let c be 5/1*-4*1. Is (-2868)/c - 2/5 prime?
False
Suppose 3368 = 10*b - 1062. Is b composite?
False
Suppose -199 + 57 = q. Let f = q + 298. Suppose 0 = -3*z + f + 3. Is z prime?
True
Suppose 2*l + l - 4*c - 16 = 0, 0 = -c - 1. Suppose -l*p = 1 - 17. Suppose -4*j - 3*o = -201, 3*j + p*o - 123 = 26. Is j composite?
True
Suppose -3*w + k + k = -787, 2*k = 2. Is w prime?
True
Suppose 0 = -0*b - b + 71. Suppose 4*f - b = -5*i, 3*f = -0*i - 2*i + 48. Let w = 24 - f. Is w prime?
False
Let z = -5 + 3. Let t be -7*(-3*1 - z). Suppose 0 = -t*p + 2*p + 295. Is p composite?
False
Let z = 5 + -3. Suppose -z*s = 2*w - 4, 0*s + 4*w = -2*s + 8. Suppose -p + 2*p + m - 13 = s, -2*p - 5*m + 26 = 0. Is p composite?
False
Let g(x) = -x**2 + 79. Let h(l) be the third derivative of l**6/120 - l**3/6 + 2*l**2. Let f be h(1). Is g(f) composite?
False
Suppose 3*y + 255 = 2*p, -5*p + 2*y + 31 = -623. Suppose 0*v + 4*v = z + p, z = 3*v - 99. Is v a composite number?
True
Suppose 0 = k - 4*k + 6. Suppose 0*x = -k*x. Is 1 + (x + 4)/2 prime?
True
Suppose 0*t = -5*t + 10. Suppose t*s + 4 = -p, 2*p + 2 = -s + 4*p. Is (-1)/2*(s + -76) a composite number?
True
Suppose 7*s - 68 - 9753 = 0. Is s composite?
True
Suppose -2*y = y. Suppose 5*b - 2*x + 4*x - 885 = y, -4*x = -b + 177. Is b a prime number?
False
Suppose -88 = 3*j - 865. Suppose 5*q - 126 = j. Is q composite?
True
Let a = -228 - -391. Is a composite?
False
Suppose p - 5*x - 304 = 0, 4*p + 0*x = -x + 1174. Let m = -94 + p